 -9))
17
Calculate 19 + 9 - 20 - -15.
23
(22 - 21 - (-1 + (10 - 3))) + 22
17
What is the value of 6 + -16 + 14 + -19?
-15
What is (20 - 16) + (2 - 1) + (-9 - -1)?
-3
What is the value of (-2 + 5 - 9) + (18 - 8) + 11?
15
Calculate 0 + (14 + 2 - -4) - (-37 + 39).
18
What is the value of -14 - -12 - 10 - (-3 + -3)?
-6
What is the value of 164 + -159 + (-12 - -1)?
-6
What is the value of -26 + 67 + (-56 - -24)?
9
What is (10 - 11) + (-10 - -5)?
-6
Calculate 45 - (8 + (-1 - 6) + 7) - 8.
29
Evaluate (-1 - 40) + -29 + 50.
-20
-14 + 32 + -9 - (4 + 3)
2
What is the value of -16 - -45 - 56 - -60?
33
14 - (41 + -30 + 7)
-4
What is the value of 191 - 196 - (-1 + 2) - (3 + -1)?
-8
14 - ((-146 - -156) + (3 - 0) + -2)
3
Evaluate 1 - -18 - (7 + -9) - (-43 + 36).
28
Evaluate 3 - (18 + (16 - 9)).
-22
Calculate 2 - (3 - -3) - (-45 - -38) - -6.
9
2 - 4 - ((-8 - 1) + 5 - 0)
2
What is 2 - (-4 + 1) - (14 - (-8 - -5))?
-12
Calculate -31 + (-26 - -44) - -43.
30
2 + -1 + 1 + -262 + 267 - 28
-21
(117 - 108) + 1 + -15
-5
Calculate (5 - (3 - -3)) + 5 + (-4 - -4).
4
33 + 0 + (-25 + -22 - -44) - 11
19
What is the value of -1 - 7 - (-1 - (4 + 0 - -1))?
-2
95 + -102 + (-3 - -3) + 4
-3
What is the value of -2 - -1 - 2 - (88 + -88)?
-3
-3 - ((0 - 10) + -3 - (3 + 3))
16
What is the value of -9 + (12 - -14) + 2?
19
Calculate -6 - (-18 - (10 - 19)).
3
17 - (5 + (-1 - -3 - (-6 - -10)))
14
What is the value of 12 - 25 - (5 - 0 - 6)?
-12
What is 5 + 27 + 0 + -24 + 13?
21
-3 - (-6 - 1 - (2 + -8 + 10))
8
-35 + 2 + 5 + 2
-26
Calculate 2 - (2 - 12) - 2 - (-5 + 11).
4
What is the value of 0 + -4 + 1 - (206 + -193)?
-16
What is the value of -23 + 11 + (9 - (24 + -11))?
-16
What is the value of 10 + (-7 + 2 - -3) + -7 + -22?
-21
What is -13 + 16 - (8 + -18)?
13
What is -2 - 7 - -3 - (-37 - -37)?
-6
What is the value of (4 - (7 + -10)) + -6 - (5 + -4)?
0
(-41 - -69) + -27 - 32
-31
Evaluate 10 - 10 - 6 - (-27 + 0).
21
Calculate (17 - 3 - 27) + (33 - -6).
26
What is 15 - (15 + 3 - 11)?
8
Evaluate 1 + (-7 - 0) + -5 + 23 + -15.
-3
Calculate -16 - (-19 - -3) - (-1 + -11).
12
What is the value of (84 - 76) + 0 + -7?
1
What is the value of (88 - 73) + (-1 - 3)?
11
26 - (29 - (25 - 20))
2
Calculate 12 + 8 + -26 + 7.
1
What is the value of (14 + -32 - -9 - (1 - 12)) + 23?
25
Calculate (0 - (2 - 1)) + (-155 - -164).
8
What is the value of 5 + -2 + (-28 - (-17 - 0))?
-8
Calculate -8 - ((-15 - -17) + 1).
-11
Calculate 6 + -1 + -4 + (-4 - (3 + 1)).
-7
-25 - (4 + (2 - 18))
-13
What is the value of (23 - 9 - 10) + -12?
-8
Calculate 8 - (-6 + -15 + (-5 - 0 - -12)).
22
Evaluate (-1 - -2) + (-38 - -36) + 1 + 0.
0
Evaluate 3 + 36 + (10 - 2 - 16).
31
What is (1 - 0) + -13 + 71 + -51?
8
What is -24369 - -24393 - (-5 - (0 - (0 - 1)))?
30
-21 - ((13 - 21) + 15)
-28
Calculate 8 + (9 - 5) - (-66 + 82).
-4
Evaluate 12 + (11 - (-8 + 16)).
15
Calculate 26 + -3 + -20 + -13.
-10
What is 2 + -2 - ((19 - 3) + 4 + -20)?
0
What is -22 + 8 + (22 - 10)?
-2
What is the value of 5 + -2 + (2 - -5) - (-1 - 6)?
17
What is the value of -31 - 1 - (36 + (11 - 56))?
-23
(-7 + -4 - -25) + -10 + 13
17
Calculate 10 + -7 + 13 + -5.
11
(-5 - 0) + (0 - -6) + -8 + 3
-4
(10 - 3) + (-27 - -8)
-12
Evaluate 11 - 3 - (28 - (-6 + 16 + 2)).
-8
What is (-4 + 11 - 10) + -1 + -10 + -1?
-15
What is the value of 5 + -21 + 19 + -19?
-16
What is -7 - (0 + 0 + 1 - 2) - 8?
-14
(375 - 358) + (-24 - 0)
-7
What is 11 + 5 + 9 + -12 + -12 - 19?
-18
What is the value of 4 + -4 + 4 - (-29 - -19)?
14
Calculate 8 + (13 - 12 - (-6 + -12)).
27
What is (-14 - (-11 - -10)) + 9 - 27?
-31
What is the value of (4 - (3 + 2 + -6)) + 4 - 2?
7
What is the value of (-5 - -4) + -7 + 9 - 7?
-6
Calculate (15 - 11) + 8 - (0 + -7).
19
Evaluate -13 - (-7 - 15) - (-3 + 30 + 3).
-21
What is the value of (-664 - -639) + 11 + 0?
-14
Evaluate -9 - ((-11 - -15) + -19).
6
What is 25 - (46 + 7 - 34)?
6
What is the value of (-1 - 9) + 3 - (1 - -4 - 4)?
-8
104 - 116 - (-2 + -2)
-8
14 - ((-5 + 8 - 3) + 2)
12
Calculate 6 + (-2 - (3 + -1)) - -2 - 20.
-16
-22 + 31 + -5 + 0 + 7
11
Evaluate 11 - 0 - (-13 + 11 - -14).
-1
What is -10 + 4 - -10 - -6?
10
What is the value of 13 + (9 - 11 - -7 - (8 - 1))?
11
What is the value of -525 + 494 + -2 + 0?
-33
-11 + 16 + -25 - (-3 - (-3 - -2))
-18
What is the value of -4 + (-1 - (-13 - (18 - 17)))?
9
Evaluate -2 - ((6 - 10) + -6 - (3 + -9)).
2
What is the value of 16 + (-2 - 5 - (19 + (1 - 18)))?
7
20 - 22 - (-14 + (-3 - 6))
21
Evaluate (6 - -1) + -17 + -10 + -8 + 54.
26
Evaluate (-4 - 0) + (-1 - (3 + -20 + -1)).
13
Evaluate (-833 - -838) + (-2 + 0 - 28).
-25
What is the value of 9 - (19 + 15 - 7)?
-18
What is -1 + 1 - (-22 + 5 + 2 + 5)?
10
Evaluate -2 + -47 + 23 + 10.
-16
Evaluate 8 + 3 + 2 + 20 - 4 - 5.
24
What is the value of -2 - (4 - (2 - (-9 - -6)))?
-1
What is the value of -10 + -2 + 10 + (6 - 16 - 2)?
-14
What is (1911 - 1921) + (-1 + -1 - (12 - 0))?
-24
Evaluate 8 - (0 + 2) - (-41 + 58 - 20).
9
What is -42 + (3 + 4 - -19)?
-16
Calculate -4 + -2 + (-7 - (-6 - (-13 - -9))).
-11
Evaluate -15 + 3 + 24 + -11.
1
Evaluate -7 - (-5 - -3) - (-8 - 1) - 7.
-3
Evaluate 35 + -36 - (5 - 0) - -13.
7
What is 5 + (-23 - (-8 + 2 + -2))?
-10
Calculate (-4 - -13 - 6) + 4 + -26 - -6.
-13
What is the value of (1 - 2) + (-67 - -85)?
17
Evaluate (31 - 21) + -22 + 1 - -9.
-2
What is (0 - 9) + (32 - (-3 + 21)) - 10?
-5
68 + -2 - (-69 + 109)
26
What is the value of 19 + (7 - 6) + (-8 - -8) - 3?
17
Calculate -12 - (-31 - (14 - 23)).
10
43 - 65 - (-4 + -41)
23
0 - (22 + 4 + (5 - 8) + -6)
-17
What is (8 - 10 - -8 - 14) + 4?
-4
Calculate 35 + (7 - 16) - 40.
-14
What is (6 - -3) + -10 - 28?
-29
0 - 7 - -2 - (232 - 243)
6
8 + 5 + -1 - 10
2
What is the value of (-64 - (-41 + -2)) + 11 + 1?
-9
Evaluate 4 - (-25 + (-13 - -31)).
11
What is -9 + 32 - (5 + 6) - 10?
2
Evaluate -47 + -232 + 233 + (16 - 0).
-30
Calculate (1 - (5 + 7)) + -29 + 45 + -5.
0
What is 961 + -981 - (1 - 7)?
-14
What is the value of -1 + 3 + (-18 - (11 + -3 + -25))?
1
Calculate (-3 - -5 - 0) + 7 + 14 + -1.
22
Evaluate -16 - (47 + -37 + (-21 - -4)).
-9
What is the value of -18 + 1 - (11 - 30)?
2
5 + 1 - (-9 + 11 - (-1 - -11))
14
Evaluate -3 - -4 - 1 - (9 - 0) - -24.
15
What is the value of 6 + ((1 - 4) + 3 - 0)?
6
Evaluate 1 - -8 - (-8 + 12).
5
-6 + (7 - 9 - (-14 + 13))
-7
Evaluate -1 - (-18 - -10 - -11).
-4
Evaluate (-13 - (-20 + -8)) + -5.
10
Calculate -10 + 24 - (25 - (2 + 6)).
-3
Calculate (2 - 4 - 17) + 6.
-13
What is 15 + -12 + (-3 - 6) - -13?
7
What is (20 - 20) + (1 - 3) + 3?
1
What is the value of -2 + 29 - (1 - (-9 - -12) - -4)?
25
2 + (1 - -2) - 3 - (13 - 14)
3
Calculate -222 - -246 - (23 + 2).
-1
Calculate -4 - (-15 + 3 + -3 + 1 + -3).
13
Evaluate -5 - (-12 - (4 + -8)) - -3.
6
-10 - (-1 - 3) - (11 + -14)
-3
Calculate 86 + -104 - (-28 - 0).
10
Calculate (16 + 11 - 14) + -33.
-20
What is -137 - -139 - (-2 - -15)?
-11
What is 5 - 0 - (-66 + 76 - (7 + 1))?
3
What is the value of (-12 - (13 - 13)) + 11 - (-3 + 9)?
-7
(-9 - 1) + (0 - (3 - 5))
-8
Calculate -2 + 5 - (2 - 3) - 1.
3
0 + 18 + -28 + (2 - 0)
-8
Evaluate (81 - 36) + -27 - 48.
-30
What is -11 + (-4 + -2 + 5 - (-8 - -7))?
-11
What is the value of -12 + -6 - -10 - 9?
-17
Evaluate -34 + (6 - 13) + (29 - 17).
-29
Calculate 44 - 27 - (1 + (-5 - -8) + 2).
11
2 + 2 + 0 + -14 + (-46 - -52)
-4
What is the value of 10 + 18 + 1 - 27?
2
0 - (-7 - (0 + 6 + -9))
4
What is -27 - (-43 - -43) - -35?
8
What is the value of 0 + -4 + -1 - (132 + -133)?
-4
What is 7 + 3 + (-20 - (3 + -1))?
-12
Evaluate (-2 - (4 + 5 + -1 - 6)) + 16.
12
What is the value of -4 + -1 + -9 + 11 - 0?
-3
Evaluate (-21 - 0) + (-13 - 8) + 10 + 13.
-19
Evaluate 23 + 0 - (-156 - -188).
-9
What is the value of 35 - 32 - (-6 - -2) - (-6 - 9)?
22
What is the value of 19 - (42 + -22) - (1 - -1)?
-3
Evaluate -4 + 9 + -10 + 13.
8
Calculate (8 - 1) + -15 + 15.
7
Calculate 6 + (10 - 17) - -32 - (4 - -5).
22
13 + -24 + 14 - 3
0
-17 - ((-55 - -28) + -5)
15
Evaluate (6 + -38 + 14 - -36) + (-3 - 0).
15
What is the value of 10 - (3 - 14 - -9)?
12
What is -18 + 29 + -15 - -23?
19
Evaluate 17 + (-6 - -12 - 6) - 2.
15
Evaluate 11 + -9 + 10 - 15.
-3
Evaluate -38 + -21 + 58 + -27.
-28
Calculate (2 + 0 + 2 - (-208 - -195)) + -7.
10
What is the value of -6 + 5 - 31 - -65?
33
Evaluate 3 - 1 - (3 + 5) - (-550 - -531).
13
